isor of 1989 and 423.
9
What is the greatest common factor of 348 and 1232268?
348
Calculate the highest common divisor of 196 and 1883.
7
Calculate the greatest common divisor of 2618 and 51799.
187
Calculate the greatest common factor of 12546 and 5814.
306
Calculate the greatest common divisor of 616395 and 2262.
1131
What is the greatest common factor of 52325 and 59501?
299
Calculate the greatest common factor of 163167 and 6.
3
Calculate the greatest common factor of 364 and 323869.
91
What is the greatest common divisor of 155647 and 491?
491
What is the greatest common divisor of 67697 and 1596?
133
What is the greatest common divisor of 1968048 and 36?
36
Calculate the highest common factor of 396 and 93654.
198
What is the greatest common factor of 946488 and 11517?
1047
What is the highest common divisor of 2884 and 140?
28
What is the greatest common divisor of 40 and 15668140?
20
Calculate the highest common factor of 120 and 65910.
30
What is the greatest common divisor of 740940 and 636?
636
Calculate the highest common factor of 436 and 702505.
109
Calculate the highest common divisor of 1299011 and 14.
7
What is the greatest common factor of 1560 and 61464?
312
Calculate the highest common divisor of 540 and 26262.
18
Calculate the greatest common factor of 4320 and 1812.
12
What is the highest common factor of 624367 and 24772?
563
What is the highest common factor of 74599 and 14?
7
What is the greatest common factor of 1420 and 260?
20
What is the greatest common divisor of 130897 and 13?
13
Calculate the greatest common factor of 18483 and 2727.
303
What is the greatest common factor of 43060 and 490?
10
Calculate the highest common factor of 9900 and 6974.
22
Calculate the greatest common factor of 126 and 10930710.
42
What is the highest common factor of 88 and 12386?
22
What is the highest common divisor of 123173 and 74?
37
Calculate the greatest common divisor of 770 and 519260.
70
What is the highest common divisor of 3445 and 17755?
265
What is the highest common divisor of 656807 and 6064?
379
Calculate the highest common divisor of 417 and 102026.
139
Calculate the highest common factor of 2536 and 98270.
634
Calculate the greatest common divisor of 1910944 and 456.
152
Calculate the highest common factor of 1080 and 18495.
135
Calculate the highest common factor of 904 and 67009.
113
Calculate the highest common divisor of 119 and 43095.
17
What is the greatest common factor of 21 and 116284?
7
Calculate the highest common factor of 36190 and 120120.
770
Calculate the highest common divisor of 84 and 621558.
42
What is the highest common factor of 810 and 2550?
30
Calculate the highest common divisor of 13 and 15595970.
13
Calculate the highest common divisor of 43725 and 5.
5
Calculate the greatest common factor of 409106 and 295.
59
Calculate the greatest common divisor of 71759 and 4.
1
What is the greatest common factor of 20 and 50?
10
Calculate the highest common divisor of 1114061 and 221.
221
What is the greatest common factor of 789668 and 1233?
137
Calculate the highest common divisor of 6120 and 1479.
51
Calculate the highest common divisor of 17324 and 6100.
244
Calculate the greatest common factor of 21 and 37452.
3
What is the highest common divisor of 175 and 10520?
5
Calculate the highest common factor of 1832831 and 176.
11
What is the greatest common factor of 103342 and 27896?
634
What is the greatest common factor of 582 and 195843?
291
What is the highest common divisor of 2355 and 915?
15
What is the greatest common factor of 6 and 32764?
2
Calculate the highest common factor of 32884 and 44.
4
Calculate the highest common factor of 2580 and 228660.
60
What is the greatest common divisor of 9200 and 160?
80
What is the greatest common divisor of 16092 and 792?
36
Calculate the highest common factor of 375493 and 1852.
463
What is the greatest common divisor of 81107 and 4862?
221
What is the greatest common factor of 63 and 192801?
21
What is the highest common factor of 19928 and 147976?
424
Calculate the highest common divisor of 427295 and 374.
187
What is the highest common factor of 345 and 441435?
15
Calculate the greatest common factor of 133782 and 66.
66
Calculate the highest common factor of 1296443 and 74.
37
What is the highest common divisor of 17 and 10935641?
17
What is the highest common factor of 68072 and 254?
254
Calculate the highest common factor of 69 and 1817.
23
Calculate the highest common divisor of 54 and 6084.
18
What is the greatest common divisor of 280 and 21224?
56
Calculate the greatest common factor of 1780 and 1802250.
890
What is the highest common factor of 58922 and 306?
34
Calculate the highest common divisor of 22100 and 6500.
1300
What is the greatest common divisor of 448 and 28588?
28
Calculate the highest common factor of 31894 and 296.
74
What is the greatest common factor of 1152 and 29088?
288
Calculate the greatest common divisor of 79648 and 6156.
76
Calculate the greatest common divisor of 50050 and 784.
14
What is the greatest common divisor of 812 and 452?
4
What is the greatest common divisor of 13 and 74321?
13
What is the highest common factor of 1386 and 3344?
22
What is the highest common factor of 5644 and 2988?
332
What is the greatest common factor of 27 and 573?
3
What is the greatest common factor of 1926 and 9994014?
1926
Calculate the highest common divisor of 1300 and 855010.
130
What is the greatest common factor of 16677 and 289?
17
Calculate the greatest common divisor of 4898 and 693067.
2449
Calculate the highest common divisor of 1829 and 2714.
59
Calculate the greatest common factor of 855 and 445569.
57
Calculate the highest common divisor of 271308 and 368.
92
What is the highest common divisor of 29 and 3569?
1
Calculate the greatest common factor of 3784 and 903.
43
What is the greatest common divisor of 1853 and 9792?
17
What is the greatest common factor of 729 and 694?
1
What is the highest common factor of 316 and 100172?
316
Calculate the greatest common divisor of 224 and 210208.
32
Calculate the greatest common divisor of 1003 and 1475.
59
What is the greatest common factor of 4824 and 5121?
9
What is the highest common divisor of 24 and 4436?
4
What is the greatest common divisor of 15 and 33635?
5
Calculate the greatest common factor of 4968 and 216.
216
What is the greatest common factor of 84656 and 726?
22
Calculate the highest common divisor of 3701468 and 249.
83
Calculate the highest common divisor of 24 and 87444.
12
What is the highest common divisor of 22896 and 360?
72
Calculate the greatest common divisor of 652419 and 3834.
639
Calculate the greatest common factor of 189330 and 3720.
30
What is the greatest common factor of 5 and 183355?
5
What is the highest common divisor of 9774 and 567?
27
What is the greatest common factor of 2465440 and 19?
19
Calculate the highest common factor of 100 and 518060.
20
Calculate the highest common factor of 89 and 2961386.
89
Calculate the greatest common divisor of 11970 and 89145.
315
What is the greatest common factor of 308 and 5222?
14
What is the greatest common divisor of 2150 and 12384?
86
Calculate the greatest common factor of 2152 and 232.
8
Calculate the highest common factor of 242 and 4598.
242
Calculate the highest common divisor of 154095 and 15.
15
What is the greatest common divisor of 110 and 132970?
10
Calculate the greatest common divisor of 12848 and 5280.
176
What is the greatest common divisor of 1837794 and 112?
14
Calculate the highest common divisor of 130 and 285210.
10
Calculate the greatest common divisor of 7418 and 2.
2
Calculate the greatest common factor of 94270 and 440.
110
What is the highest common factor of 256777 and 8912?
557
What is the greatest common factor of 37637 and 488?
61
Calculate the greatest common divisor of 1241568 and 162.
162
Calculate the greatest common divisor of 2870 and 6027.
287
Calculate the greatest common factor of 16551 and 303.
3
What is the highest common factor of 67695 and 15?
15
What is the greatest common divisor of 456852 and 165?
33
What is the greatest common factor of 1859 and 398255?
143
What is the greatest common divisor of 1786 and 2867?
47
What is the greatest common diviso